- 9 + 1 = -5*u, -m*u - 12 = 0. What is the units digit of i?
3
Let i = 26533 - 2063. What is the hundreds digit of i?
4
Let u = 129 + -124. Suppose 0 = 5*w + u, 3*f + 7*w = 6*w + 443. What is the hundreds digit of f?
1
Let f = -1456 - -12197. What is the tens digit of f?
4
Let y(c) = -c**3 - 7*c**2 + 5. Let g be (-4)/(-6)*(17/(-2) + -2). Let r be y(g). Suppose r*x - 1311 + 486 = 0. What is the tens digit of x?
6
Suppose 19*y - 4*y + 1995 = 0. Let o = y - -142. Suppose -4*b + o*b = 245. What is the tens digit of b?
4
Suppose -4*s + 21884 = 4*c, -4*s + 27358 = 7*c - 2*c. What is the thousands digit of c?
5
Let u be ((-10)/6)/(19/(-57)). Suppose u*b - 15 = 0, 23*i = 21*i - b + 1351. What is the hundreds digit of i?
6
Suppose 10*c - 15*c = 4*j - 249849, 0 = j - 4*c - 62436. What is the thousands digit of j?
2
Let a = -1 - -3. Suppose -14 = -5*t - 4*n, -3*n = -0*t - a*t + 1. Suppose -4*w + 67 = 5*f, -f + 6*f = t*w - 71. What is the units digit of w?
3
Let w be 2 - -6*6/9. Let i(n) = 2*n**2 + 7 - 1 + 12*n - w. What is the units digit of i(-8)?
2
Let n(g) = 493*g + 386. What is the hundreds digit of n(100)?
6
Let y(q) = 3*q**3 + 48*q**2 + 16*q - 81. What is the tens digit of y(-15)?
5
Let n be (-40)/(-20) + -3 + -1. What is the tens digit of n - ((-20)/70 + (-8772)/21)?
1
Suppose 131*x - 2386644 = -105541. What is the hundreds digit of x?
4
Let w = 119 - 116. Suppose w*u + 12*u - 1770 = 0. What is the units digit of u?
8
Suppose 6*r + 381 = 285. Let f(u) = -7*u**3 - u - 1. Let x be f(-1). Let y = x - r. What is the units digit of y?
3
Let g = 10 - -36. Suppose 0 = 10*m - 1093 + 873. Let k = g + m. What is the units digit of k?
8
Let x = 126 - 64. Let u(s) = 2*s**2 - 43*s - 267. Let o be u(-6). Suppose o*z - x*z = 66. What is the tens digit of z?
6
Let h be -14 - (-1776)/88 - (-4)/(-22). Suppose -j + h*d + 1020 = 2*d, 4*d - 8 = 0. What is the tens digit of j?
2
What is the hundreds digit of (8/6*-3)/26 - (-2576824)/104?
7
Suppose 66*z - 149955 = -19959 + 968970. What is the ten thousands digit of z?
1
Let u be (-2124)/(-27)*9/6. Suppose -3*n - 882 = -6*p - 138, -n = p - u. What is the units digit of p?
2
Suppose -3*f = f + 20, -15 = n + f. What is the tens digit of 20052/45 - ((-26)/n + -3)?
4
Let b = -143 + 201. Let g(w) = -6*w**2 - 11*w - 3. Let f be g(-2). Let m = b - f. What is the units digit of m?
3
Let o = 1739 - -19593. What is the thousands digit of o?
1
Suppose -10*l + 33 = -27. Let i be 6*(l/9)/1. Suppose -46 = -4*n + 2*r, i*n - 22 = -r + 9. What is the units digit of n?
9
What is the tens digit of 37541/6 + 8/48?
5
Let u = -2086 - -5539. What is the hundreds digit of u?
4
Let m = -1267 - -2132. Suppose -5*f = 4*g - m, -2*f + 200 = g - 4*f. What is the tens digit of g?
1
Let u = -12 + 89. Suppose 8 = -l + u. What is the tens digit of (0 + 1)/(1/l)?
6
Suppose a - 3*t - 46750 = 0, a - 8*a + 327172 = 5*t. What is the hundreds digit of a?
7
Let r = 57 + -19. Let q = r + 9. Let y = 100 - q. What is the tens digit of y?
5
Let n = 25985 + -13541. What is the hundreds digit of n?
4
Let p(i) = i**3 + i**2 + 3*i + 3705. Let v be p(0). Suppose 4*z = 163 + v. What is the hundreds digit of z?
9
Suppose 5*p - 99065 = -5*k, -3*k - 4*p + 2*p + 59439 = 0. What is the tens digit of k?
1
Suppose -6*b + 29 + 7 = 0. Let x be 3/9 + 40/b. Suppose -x*d - 78 = -9*d - 4*c, -4*c = -4*d + 192. What is the units digit of d?
5
Let w = 52668 - 33730. What is the hundreds digit of w?
9
Let g(d) = -443*d**2 + 21*d + 60. Let f be g(-3). What is the units digit of f/(-9) - (-23)/(-69)?
3
Let a = -48 - -53. Let r be (-1 + 0 + a)*4/(-8). Let k = r - -118. What is the units digit of k?
6
Let x(r) = -36*r - 23. Let y = -16 + 21. Let c(j) = -24*j - 15. Let i(n) = y*x(n) - 8*c(n). What is the units digit of i(7)?
9
Suppose 4*t = 4*u - 208, 2*t = -3*t + 4*u - 262. Let p = t + 66. Let x = p + 8. What is the tens digit of x?
2
Suppose -16599 = -4*u + 3*k, -2*u + 8307 = -4*k + k. What is the thousands digit of u?
4
Let s = -15279 + 26207. What is the tens digit of s?
2
Suppose -45*q + 41*q = 0. Suppose 3*k - 157 = 65. Let c = k - q. What is the units digit of c?
4
Let m be (3 - 3)/(6 - 4) - -31. Suppose -m*n - 1200 = -46*n. What is the tens digit of n?
8
Let v(x) = -127*x - 650. What is the tens digit of v(-11)?
4
Let d = 812 - -236. What is the hundreds digit of d?
0
Suppose -93 = -9*v + 51. Suppose -12*h = v*h - 20440. What is the tens digit of h?
3
Suppose 0*f + 50 = -5*f. What is the tens digit of (-13052)/f + (-12)/10?
0
Let u(t) be the first derivative of 0*t + 7/2*t**2 - 2/3*t**3 - 9/4*t**4 + 13. What is the units digit of u(-3)?
4
Let d = 998 + 131. Let r = 2552 - d. What is the units digit of r?
3
Let t be (1 + -769)*(-27)/54. Suppose u - 2*u + 5*j = 206, 2*u - 3*j = -t. Let q = u - -335. What is the tens digit of q?
4
Suppose -7*g - 6*g + 20935 = -1776. What is the thousands digit of g?
1
Suppose 0*s + 2*s = -3*g - 9, s = 0. Let h be 190 - g*1/(-3). Suppose 8*v - 11*v = -h. What is the tens digit of v?
6
Let s(u) = 6*u**2 - 458*u - 1050. What is the hundreds digit of s(137)?
8
Suppose -2*j - 5*a = -5752 - 68220, a + 147988 = 4*j. What is the hundreds digit of j?
9
What is the units digit of (-924)/99*-327*1/2?
6
Suppose -15*f + 59118 = -62427. What is the thousands digit of f?
8
Let r(n) = n**3 + 7*n**2 - 2*n + 4. Let w be r(-7). What is the tens digit of (10 - 4)*915/w?
0
Let h(v) = v**3 - 6*v**2 + 8*v - 3. Let r be h(6). Let c be ((-3)/(-12))/((-3)/(-372)). Let z = r - c. What is the units digit of z?
4
Let z(x) = 253*x**2 - 41*x - 123. What is the ten thousands digit of z(-12)?
3
Let a be (0 - 4 - -243)/(-1). What is the units digit of 2*(-5)/(10/a)?
9
Let k(d) = 15*d**2 - 3*d + 1. Let m = -16 + 18. Let l be k(m). Suppose -l + 179 = 4*j. What is the tens digit of j?
3
Let u = -11897 + 14784. What is the thousands digit of u?
2
Let k(i) = -i**3 - 7*i**2 - 8*i - 2. Let b be k(-6). Let s(w) = 213*w - 201*w - 2 + 2 + 6. What is the units digit of s(b)?
6
Suppose 3*h - 74*m = -75*m + 34795, 0 = 3*h + 2*m - 34796. What is the thousands digit of h?
1
Let u(a) = -a**3 - 28*a**2 - 50*a + 60. Let v be u(-26). Suppose 0 = -2*p + 23 - 5. Suppose v*j = p*j - 37. What is the units digit of j?
7
Suppose -89881 = -26*u + 68793 + 66590. What is the hundreds digit of u?
6
Suppose -12*k + 128 = -4*k. Let j be ((-218 - -3) + 0)*-7. Suppose 21*m - j = k*m. What is the units digit of m?
1
What is the units digit of -3 + 16/(32/12038)?
6
Suppose 60 = -3*f + 3*n, -f + 4*n = 4 + 22. What is the units digit of f/(1 + 2) - -360?
4
Let q(u) = 0*u**3 - 32 + 54 + u**3 - 22*u**2. What is the units digit of q(22)?
2
Suppose -2*i + h + 35067 = 3780, -i - 4*h + 15657 = 0. What is the ten thousands digit of i?
1
Suppose -5*w + 8047 = -3*s, 0 = -716*w + 715*w - 4*s + 1637. What is the tens digit of w?
1
Let n(r) = -12*r - 23. Let a be n(-3). Let d(m) = 4*m**3 + 12*m**2 - 7*m - 22 + 2*m**3 - 5*m**3 + a. What is the units digit of d(-12)?
5
Suppose 24 = 4*z, d - 3*z = 11352 + 13390. What is the tens digit of d?
6
Suppose 3*z = 7*z - 132. Let x be (-33)/(-11) + 1*z. Let g = x + 38. What is the units digit of g?
4
Let s(c) = 10*c - 29. Let d be s(3). Let z be (-10)/30*d*-3 - -3. Suppose -h + 129 = -r, 0*h + z*r - 104 = -h. What is the hundreds digit of h?
1
Suppose 2*b = -3*w - 0 + 4, -4*w = -b + 13. Let t(c) = 36*c**2 + 93*c - 270*c - 8 + 176*c. What is the hundreds digit of t(w)?
1
Suppose 5*y + 2*m - 24471 = 0, 3*y - 5*m = 15425 - 730. What is the units digit of y?
5
Suppose 0 = -3*z - 41*k + 44*k + 23637, 2*k = -5*z + 39416. What is the hundreds digit of z?
8
What is the tens digit of (-57153)/(-18) - (-5)/6?
7
Let c = -150 - -153. Suppose 2*f - c*t - 1161 = -8*t, -f + 575 = -3*t. What is the tens digit of f?
7
Let r be (-121)/242*(-2 + 0 + -3668). Suppose 5*v = 3*q - q - r, -2*v = 2*q - 1856. What is the hundreds digit of q?
9
Suppose 11*d - 254 = -188. Let g(o) = 144*o - 172. What is the units digit of g(d)?
2
Let v(f) = 2*f**2 + 52*f - 95. What is the hundreds digit of v(-38)?
8
Suppose 0 = 47*v - 50*v + 15. Let p be (v + 1 + -5)*(0 + 2). Suppose -n = 5*q - 264, -n + p*q + 86 = -150. What is the units digit of n?
4
Suppose -4 + 5 = -h. Let r be 1/(h - 1320/(-1317)). Suppose -95 = 4*z - r. What is th